{"id":9,"date":"2019-08-13T09:19:45","date_gmt":"2019-08-13T09:19:45","guid":{"rendered":"http:\/\/www.sportmedytacja.pl\/?page_id=9"},"modified":"2019-09-12T17:21:37","modified_gmt":"2019-09-12T17:21:37","slug":"strona-glowna","status":"publish","type":"page","link":"https:\/\/www.sportmedytacja.pl\/","title":{"rendered":"Strona g\u0142\u00f3wna"},"content":{"rendered":"\n<p> Czym jest SPORTMEDYTACJA?<\/p>\n\n\n\n<p><strong>Sportmedytacja<\/strong> to rodzaj narz\u0119dzia, kt\u00f3re ma na celu wspiera\u0107 trener\u00f3w, psycholog\u00f3w sportu podczas trening\u00f3w mentalnych  jak i dla samych zawodnik\u00f3w do wykorzystania przed samym startem.  Zestaw wyselekcjonowanych \u0107wicze\u0144 i prowadzona <strong>Sportmedytacja<\/strong> w aplikacji mobilnej pozwala Trenerom <strong>Sportmedytacji <\/strong>na przeprowadzanie trening\u00f3w stacjonarnych, z mo\u017cliwo\u015bci\u0105 \u2026\u2026\u2026\u2026\u2026\u2026\u2026&#8230;\u2026\u2026\u2026\u2026\u2026&#8230;&#8230;\u2026\u2026\u2026\u2026\u2026\u2026\u2026\u2026\u2026\u2026\u2026\u2026\u2026\u2026\u2026\u2026\u2026&#8230;\u2026&#8230;&#8230;\u2026\u2026&#8230;\u2026\u2026\u2026\u2026\u2026&#8230;&#8230;\u2026\u2026\u2026. \u2026\u2026&#8230;\u2026&#8230;&#8230;\u2026\u2026\u2026\u2026\u2026\u2026\u2026&#8230;\u2026&#8230;\u2026\u2026\u2026\u2026\u2026\u2026\u2026\u2026\u2026\u2026\u2026&#8230;\u2026&#8230;\u2026\u2026&#8230;\u2026&#8230;\u2026&#8230;\u2026..<\/p>\n\n\n\n<p> Nale\u017cy pami\u0119ta\u0107, \u017ce stopie\u0144 pobudzenia emocjonalnego przed startem, w du\u017cym stopniu warunkuje trwaj\u0105ce procesy emocjonalne podczas samej rywalizacji sportowej, dlatego zastosowanie <strong>SPORTMEDYTACJI<\/strong> mo\u017ce znacz\u0105co wp\u0142yn\u0105\u0107 na oci\u0105gni\u0119cie celu przez zawodnika.<\/p>\n\n\n\n<p>Wszystkie\nrodzaje<strong> SPORTMEDYTACJI<\/strong> mog\u0105 mie\u0107\nwp\u0142yw na odporno\u015b\u0107 emocjonaln\u0105, kt\u00f3ra jest bardzo istotna w sporcie.&nbsp; Poj\u0119cie odporno\u015bci emocjonalnej celnie\nopisuje Reykowski (Reykowski 1974), twierdz\u0105c \u017ce podstawowym kryterium\nodporno\u015bci emocjonalnej jest efektywno\u015b\u0107 dzia\u0142ania, mimo podwy\u017cszonego napi\u0119cia\nemocjonalnego, a to zale\u017cy to g\u0142\u00f3wnie od sprawno\u015bci proces\u00f3w korowych, na kt\u00f3re\nwp\u0142yw ma medytacja. Dlatego stosowanie w okresie mi\u0119dzy startowym <strong>SPORTMEDYTACJI-SPACEMIND<\/strong>, a u m\u0142odych sportowc\u00f3w\n<strong>SPORTMEDYTACJA- KIDS <\/strong>mog\u0105 okaza\u0107 si\u0119\npomocne w optymalizacji odporno\u015bci emocjonalnej.<\/p>\n","protected":false},"excerpt":{"rendered":"<p>Czym jest SPORTMEDYTACJA? Sportmedytacja to rodzaj narz\u0119dzia, kt\u00f3re ma na celu wspiera\u0107 trener\u00f3w, psycholog\u00f3w sportu podczas trening\u00f3w mentalnych jak i dla samych zawodnik\u00f3w do wykorzystania przed samym startem. Zestaw wyselekcjonowanych \u0107wicze\u0144 i prowadzona Sportmedytacja w aplikacji mobilnej pozwala Trenerom Sportmedytacji na przeprowadzanie trening\u00f3w stacjonarnych, z mo\u017cliwo\u015bci\u0105 \u2026\u2026\u2026\u2026\u2026\u2026\u2026&#8230;\u2026\u2026\u2026\u2026\u2026&#8230;&#8230;\u2026\u2026\u2026\u2026\u2026\u2026\u2026\u2026\u2026\u2026\u2026\u2026\u2026\u2026\u2026\u2026\u2026&#8230;\u2026&#8230;&#8230;\u2026\u2026&#8230;\u2026\u2026\u2026\u2026\u2026&#8230;&#8230;\u2026\u2026\u2026. \u2026\u2026&#8230;\u2026&#8230;&#8230;\u2026\u2026\u2026\u2026\u2026\u2026\u2026&#8230;\u2026&#8230;\u2026\u2026\u2026\u2026\u2026\u2026\u2026\u2026\u2026\u2026\u2026&#8230;\u2026&#8230;\u2026\u2026&#8230;\u2026&#8230;\u2026&#8230;\u2026.. Nale\u017cy pami\u0119ta\u0107, \u017ce stopie\u0144 pobudzenia emocjonalnego przed [&hellip;]<\/p>\n","protected":false},"author":1,"featured_media":0,"parent":0,"menu_order":0,"comment_status":"closed","ping_status":"closed","template":"","meta":[],"_links":{"self":[{"href":"https:\/\/www.sportmedytacja.pl\/index.php?rest_route=\/wp\/v2\/pages\/9"}],"collection":[{"href":"https:\/\/www.sportmedytacja.pl\/index.php?rest_route=\/wp\/v2\/pages"}],"about":[{"href":"https:\/\/www.sportmedytacja.pl\/index.php?rest_route=\/wp\/v2\/types\/page"}],"author":[{"embeddable":true,"href":"https:\/\/www.sportmedytacja.pl\/index.php?rest_route=\/wp\/v2\/users\/1"}],"replies":[{"embeddable":true,"href":"https:\/\/www.sportmedytacja.pl\/index.php?rest_route=%2Fwp%2Fv2%2Fcomments&post=9"}],"version-history":[{"count":6,"href":"https:\/\/www.sportmedytacja.pl\/index.php?rest_route=\/wp\/v2\/pages\/9\/revisions"}],"predecessor-version":[{"id":141,"href":"https:\/\/www.sportmedytacja.pl\/index.php?rest_route=\/wp\/v2\/pages\/9\/revisions\/141"}],"wp:attachment":[{"href":"https:\/\/www.sportmedytacja.pl\/index.php?rest_route=%2Fwp%2Fv2%2Fmedia&parent=9"}],"curies":[{"name":"wp","href":"https:\/\/api.w.org\/{rel}","templated":true}]}}